de v?
False
Let s = -65 + 165. Is s a multiple of 16?
False
Let p(g) = -g**3 + 7*g**2 - g + 9. Let r be p(7). Let u(m) = -r*m**2 + 1 - 2*m**3 + m + 3*m - 3*m. Is u(-2) a multiple of 7?
True
Suppose 2*f = -3*n + 130, n = 3*n - 4*f - 60. Is 18 a factor of 2 + (-3)/1 + n?
False
Suppose -6*r = -r - 15, 0 = -4*z - 4*r + 212. Let m = z - 14. Does 11 divide m?
False
Let t be 4 + -3 - (1 + -2). Let f be 19/3 + t/(-6). Let v(w) = 3*w - 2. Is 8 a factor of v(f)?
True
Suppose -a + 891 + 802 = 5*x, 4*a = -5*x + 1702. Is x a multiple of 11?
False
Suppose -5*m + 114 = -36. Is m a multiple of 6?
True
Let m(a) = a + 34. Let p be m(0). Let z = -16 + p. Does 6 divide z?
True
Suppose 0 = 4*f - 2 - 86. Suppose 22 - 66 = -4*l - m, 0 = 2*l - m - f. Does 11 divide l?
True
Let d = -8 - -10. Suppose 4*s + 58 = 3*v, -d*v + 0*v = -s - 37. Is v a multiple of 9?
True
Suppose 2*p + 38 = -4*q, -12 = -q + 5*p - 5. Let h(o) be the third derivative of -o**4/24 + 3*o**3/2 + 6*o**2. Is 7 a factor of h(q)?
False
Let m = -12 + 13. Let n = 5 - m. Is n even?
True
Let v(y) = -y**2 - 8*y - 12. Let n be v(-10). Let m(w) = 10*w**3 - 2*w**2 - w + 1. Let a be m(2). Let u = n + a. Does 11 divide u?
False
Let h = 122 + -84. Suppose h = -6*i + i + 4*f, -5*f + 10 = 0. Let z(t) = -t + 1. Is 7 a factor of z(i)?
True
Is 12 a factor of ((-33)/9 + 3)/(6/(-1899))?
False
Suppose 0 = -8*o + 5*o + 6. Is 54/o - (-6)/6 a multiple of 7?
True
Suppose -12 = -3*f + 3*c, 4*f + c = 6*c + 13. Let w(h) = -h**3 + 9*h**2 + 2 - h + 1 - 9*h. Does 13 divide w(f)?
False
Suppose 3*r - 3*w + 4*w - 21 = 0, 3*r = -5*w + 33. Let q = r + 61. Is q a multiple of 23?
False
Let w(g) = -34*g**3 - 2*g**2 + 3*g - 2. Let d be w(1). Let t be 18/(-1 - (1 - 1)). Let l = t - d. Does 13 divide l?
False
Let t = -57 - -56. Let x(b) be the third derivative of 7*b**5/30 + b**3/6 + b**2. Is 15 a factor of x(t)?
True
Let u(j) = 3*j**3 + j**2 - j. Let h be u(1). Suppose 6 = 3*m - h. Suppose 2*v = -m*v + 55. Does 11 divide v?
True
Let n(q) = -4*q - 8. Let k be 15 + (-3 - 0)/3. Let z = k + -20. Is n(z) a multiple of 8?
True
Suppose 9 = 2*w - w. Let z(s) = -s**3 + 9*s**2 + 3*s + 12. Does 15 divide z(w)?
False
Is 4 a factor of (-1)/(1/(-44))*(3 - 2)?
True
Let u(g) = -3*g + 6*g + 4*g - 1. Is 6 a factor of u(1)?
True
Let o(i) = -12*i**3 - i - 1. Let z be o(-2). Let n = z + -45. Does 3 divide n/20 + 4/10?
True
Suppose 0 = 5*u + 20, -3*l - u + 233 = 3*u. Let q = l - 53. Is 15 a factor of q?
True
Suppose -y + 3*g - 13 = -97, 0 = 3*y + 2*g - 197. Suppose y = 5*v - 2*i, 2*v - 7 = 4*i + 11. Does 15 divide v?
True
Suppose 4*u = 3*f - 2*f - 24, 2*u + 6 = 2*f. Let a(i) = -i**2 - 7*i. Let r be a(u). Suppose -2*n - 3*n + 115 = r. Is n a multiple of 13?
False
Let y(w) = w**3 - w. Let z be y(0). Suppose -2*h - 3*h = z. Is 7 a factor of (2 - h) + (-48)/(-3)?
False
Let g(c) be the third derivative of -c**5/60 - c**4/24 + 7*c**3/6 + c**2. Suppose -3*t + 4 = 3*a + 1, 2*t = -3*a + 2. Does 4 divide g(a)?
False
Suppose -5*o + 6 = -2*o. Suppose o*p = 7 - 3. Suppose p*f - 12 - 8 = 0. Is f a multiple of 5?
True
Suppose 10*g = -3*c + 5*g + 93, -c = 2*g - 32. Does 7 divide c?
False
Suppose -6*x + 2*x = -160. Is 5 a factor of 296/x - 6/(-10)?
False
Let c = -193 - -114. Let o = -43 - c. Is o a multiple of 18?
True
Suppose 2*u - 5 = 7*u, -3*u = f. Suppose 4*y = 5*j - 12, -j + 1 = -f. Is 13 a factor of (29 - y - 1) + 0?
True
Let x(s) = -s**3 + 9*s**2 - 4*s + 3. Does 12 divide x(5)?
False
Suppose 4*u + 3*i = 246, -4*u + 2*i + 242 = 7*i. Does 25 divide u?
False
Let i(o) = o + 19. Is i(-7) a multiple of 4?
True
Suppose -5*j - 2 = -4*v, 0 = 4*v - v - 2*j + 2. Suppose -t + 0*t + 4 = -2*k, 3*k + 6 = t. Is v*((-2)/k + -13) a multiple of 14?
False
Suppose -w + 9*w - 416 = 0. Is 24 a factor of w?
False
Is 6 a factor of (-2)/(-11) + 0 - (-3220)/77?
True
Let u be (-14)/(-35)*(45 + 0). Let q = u - 7. Is 4 a factor of q?
False
Let y be (1 + -2 - 0)*6. Let f be -3*(-6)/(y/(-3)). Suppose 4*r = 3*r - 3*b + f, 0 = -3*b + 3. Is r a multiple of 5?
False
Let l(w) = 0 - 3*w + 2*w - 1 - 3*w. Does 6 divide l(-4)?
False
Suppose -3*r - 2*o = 5, r + 4*o = -0*r - 5. Suppose 2*j = -0*j + 90. Is (j/(-10))/(r/2) a multiple of 7?
False
Suppose w = 11 + 31. Let v = w + -30. Is 12 a factor of v?
True
Suppose -3*d + 0*d = -3*s + 93, 2*d = -10. Let u(g) = -g**2 - 3*g - 2. Let q be u(-4). Let y = q + s. Is 10 a factor of y?
True
Let g(r) = r**3 + 2*r**2 - r - 1. Suppose 3 = -5*t + 3*i - 10, 2*t - 3*i = -7. Let p be g(t). Is 8 - p - 0/2 a multiple of 7?
True
Suppose 456 = 3*a + c - 3*c, 2*c = a - 156. Suppose -b - 10 = 5*x, x + 13 = 5*b + 5*x. Suppose -b*p + 0*p - a = -5*v, -3*p + 60 = 2*v. Is 15 a factor of v?
True
Suppose 3*g - 718 - 218 = 0. Suppose -48 - g = -5*m. Does 18 divide m?
True
Is (-3)/9 - 280/(-12) a multiple of 6?
False
Suppose d - 8 = -3*d, -x + 2*d = -10. Let g = -7 + x. Does 6 divide g?
False
Let o = -11 + 17. Does 16 divide (7 - 4)*64/o?
True
Let s = 38 - 31. Is s a multiple of 7?
True
Let t be 2/2 - (0 - 8). Let p(h) = -h**2 + 5*h + 6. Let i be p(6). Suppose 2*n = 2*s + 4*n - 26, -3*n - t = i. Is s a multiple of 15?
False
Let n(q) = -4*q + 5. Let a(r) = 3*r - 6. Let y(l) = -3*a(l) - 2*n(l). Does 15 divide y(-7)?
True
Let p = 9 + -5. Suppose p*k - 171 = 213. Suppose -z + 5*z - k = 0. Does 21 divide z?
False
Suppose -2*c + 7*c + b = 12, -3*c - 2*b = -3. Suppose -3*k = -5*a + 171, -2*a = -c*k - 43 - 119. Let u = 74 + k. Does 22 divide u?
True
Is (18/(-9))/((-4)/186) a multiple of 12?
False
Suppose 5*n - 4*l - 1105 = -l, -3*l = 0. Suppose -10 + 35 = -5*g, 4*k - g = n. Is 14 a factor of k?
False
Let g(s) = s**2 - s + 18. Is g(0) a multiple of 4?
False
Suppose 12 = -4*m - 5*c, 20 = 4*m - 0*m - 3*c. Suppose m*z - 22 = -z - 4*y, -4*z - 2*y + 46 = 0. Does 14 divide z?
True
Let v(u) = 4*u**3 - 36*u**2 - 3*u - 8. Let b(o) = -o**3 + 12*o**2 + o + 3. Let f(y) = -7*b(y) - 2*v(y). Does 7 divide f(-12)?
True
Let y(g) = 3*g**2 + 8*g + 16. Is y(-6) a multiple of 19?
True
Suppose 3*x - 27 - 93 = 0. Is x a multiple of 10?
True
Suppose -4*u = -5 + 1. Let j be 6/(-3)*(u - 3). Suppose j*t - 48 = 8. Does 14 divide t?
True
Suppose 4*m = -5*i + 2, i + 2*m - 1 = 3. Let b be i/(-9) - 716/(-18). Does 13 divide (-2)/((-2)/(-1)) + b?
True
Suppose -3*d + 0*d = 2*g + 15, -g - 15 = 3*d. Suppose 0 = 2*j - g*j - 50. Let p = j + 1. Is p a multiple of 13?
True
Let x(o) = 4*o + 4. Let f be x(-4). Does 21 divide (-502)/f - 6/(-36)?
True
Suppose -6*s - 2*m + 168 = -s, 0 = -5*s - m + 164. Is s a multiple of 5?
False
Suppose 0 = 3*s + 8 + 13. Is 12 a factor of (s + 4)/1 - -15?
True
Let a(b) = 4*b**2 - 2*b - 2. Let o be a(2). Let k = 23 - o. Does 12 divide k?
False
Suppose 5*x - 575 = -35. Is x a multiple of 18?
True
Let w(g) = -4*g + 36. Is w(0) a multiple of 6?
True
Suppose 0 = -5*x + 182 - 62. Does 9 divide (4/1)/(6/x)?
False
Let i(y) = 9 - 6*y**2 - 2*y**2 + y**3 + 1. Suppose -59 = -6*o - 11. Is 10 a factor of i(o)?
True
Let l be -22*((-17)/2 + 2). Suppose 0 = -3*g + l + 85. Is ((-1)/2)/((-1)/g) a multiple of 20?
False
Let n(v) be the second derivative of -4*v**3/3 + v**2 - v. Let m be n(2). Is 4/(-14) + (-60)/m a multiple of 3?
False
Let q(l) = -l**3 + 11*l**2 + 2. Let k be q(11). Let z be (5/k)/(2/80). Suppose 0 = -6*y + y + z. Is 10 a factor of y?
True
Let v(k) = -k**2 - 4*k + 17. Let w be v(-11). Let u(j) = -4*j**3 + j**2 + 5*j - 3. Let b be u(3). Let l = w - b. Does 11 divide l?
False
Let q be 13/4 - (-1)/(-4). Suppose 0 = -m + 14 + 14. Suppose 2*s + 0*s = q*k - m, 4*k - 4*s - 32 = 0. Does 12 divide k?
True
Let o = -5 + 10. Suppose o = 4*t + 13, 2*q + 5*t = -164. Let l = q - -111. Does 17 divide l?
True
Let c(n) = 25*n - 2. Let y = 6 + -4. Let w be c(y). Suppose -2*k + w = 2*k. Is 9 a factor of k?
False
Is 10 a factor of (-2)/((2 - (-100)/(-52))/(-1))?
False
Suppose x + 4*t + 6 = 0, t - 17 = 5*x + 13. Let l(j) = -4*j - 3 + 1 + 0 + 1. Is 15 a factor of l(x)?
False
Suppose 6 = 7*o - 4*o. Let p be 2/4 - 14/(-4). Suppose -w + p = o*k + 3*w, 3*k + 4*w - 8 = 0. Does 4 divide k?
True
Let l(f) = -5*f - 1. Let p be l(-1). Suppose -p = g + 5. Is 3 a factor of 140/18 - 2/g?
False
Suppose 102 - 10 = 4*i. Is i even?
False
Let n = 157 + -97. Does 6 divide n?
True
Suppose -5*a - 178 = -7*a. Does 10 divide a?
False
Does 51 divide (-1021)/(